2913.
23, 199, 92369
List the prime factors of 606902736.
2, 3, 11, 269, 4273
What are the prime factors of 29976534?
2, 3, 7, 11329
What are the prime factors of 1264544174?
2, 632272087
What are the prime factors of 159884173?
159884173
List the prime factors of 5240916.
2, 3, 48527
List the prime factors of 40743117.
3, 421, 10753
List the prime factors of 1278681800.
2, 5, 11, 31, 18749
What are the prime factors of 3428069?
1223, 2803
List the prime factors of 26424838.
2, 11, 23, 52223
List the prime factors of 45219615.
3, 5, 7, 430663
List the prime factors of 38093817.
3, 1289, 9851
What are the prime factors of 235991?
7, 33713
What are the prime factors of 132363971?
307, 431153
What are the prime factors of 2069576329?
29, 71364701
What are the prime factors of 1967952140?
2, 5, 7, 11, 67, 19073
What are the prime factors of 5070097580?
2, 5, 467, 542837
What are the prime factors of 3642502763?
3001, 1213763
What are the prime factors of 344368032?
2, 3, 3587167
List the prime factors of 73531989.
3, 23, 118409
List the prime factors of 57515639.
43, 47, 149, 191
List the prime factors of 79349380.
2, 5, 11, 32789
List the prime factors of 23668058.
2, 23, 514523
What are the prime factors of 320779129?
11, 29161739
List the prime factors of 1490859387.
3, 17, 229, 2503
What are the prime factors of 84345473?
149, 566077
What are the prime factors of 484451623?
1291, 375253
List the prime factors of 324403152.
2, 3, 41, 164839
What are the prime factors of 7271147266?
2, 3635573633
List the prime factors of 160051373.
61, 43013
What are the prime factors of 89022853?
71, 1051, 1193
What are the prime factors of 4234792?
2, 529349
What are the prime factors of 1486563?
3, 13, 47, 811
What are the prime factors of 140383609?
19, 2333, 3167
What are the prime factors of 428948839?
11, 5167, 7547
List the prime factors of 107787295.
5, 7, 11, 279967
What are the prime factors of 1336225617?
3, 167, 889039
What are the prime factors of 615462039?
3, 47, 1454993
List the prime factors of 244893115.
5, 2753, 17791
What are the prime factors of 42137841?
3, 29, 67, 7229
What are the prime factors of 2338336621?
17, 47, 2926579
What are the prime factors of 59340520?
2, 5, 1021, 1453
What are the prime factors of 31278299?
13, 61, 39443
List the prime factors of 10277140.
2, 5, 317, 1621
List the prime factors of 922747160.
2, 5, 19, 1214141
List the prime factors of 29471866.
2, 41, 107, 3359
What are the prime factors of 2620270464?
2, 3, 7, 974803
What are the prime factors of 324735091?
23, 14118917
What are the prime factors of 349697107?
11789, 29663
What are the prime factors of 5862716967?
3, 1954238989
List the prime factors of 80179746.
2, 3, 109, 122599
What are the prime factors of 3787875496?
2, 2963, 159799
List the prime factors of 35732721.
3, 809, 14723
List the prime factors of 22376577.
3, 673, 11083
List the prime factors of 1079548756.
2, 11, 13, 17, 67, 1657
What are the prime factors of 1039973132?
2, 11, 19, 233, 281
List the prime factors of 252806252.
2, 17, 3717739
What are the prime factors of 3515946569?
27197, 129277
What are the prime factors of 2432220617?
17, 1567, 91303
List the prime factors of 5083916669.
13, 113, 1733, 1997
What are the prime factors of 5012003?
5012003
What are the prime factors of 30095059?
1277, 23567
What are the prime factors of 198098759?
198098759
List the prime factors of 2295883849.
7, 241, 5647
List the prime factors of 353081519.
7, 50440217
What are the prime factors of 385753159?
11, 641, 54709
What are the prime factors of 37264896?
2, 3, 8087
List the prime factors of 73367161.
7, 1497289
What are the prime factors of 35701601?
13, 79, 34763
What are the prime factors of 3690360867?
3, 17, 29, 2495173
List the prime factors of 96587740.
2, 5, 137, 35251
What are the prime factors of 2044622283?
3, 11, 17, 23, 211, 751
What are the prime factors of 927116702?
2, 223, 1117, 1861
List the prime factors of 81248467.
81248467
What are the prime factors of 507301363?
23, 1789, 12329
What are the prime factors of 503826999?
3, 13, 61, 211781
What are the prime factors of 302532393?
3, 2741, 36791
What are the prime factors of 201644118?
2, 3, 13, 53, 71, 229
List the prime factors of 119543525.
5, 1283, 3727
What are the prime factors of 501078362?
2, 631, 397051
List the prime factors of 373562040.
2, 3, 5, 19, 59, 2777
What are the prime factors of 216011029?
13, 523, 31771
List the prime factors of 16034190.
2, 3, 5, 534473
List the prime factors of 756846002.
2, 11, 29, 859, 1381
What are the prime factors of 779014885?
5, 11, 17, 833171
List the prime factors of 264103979.
43, 409, 15017
What are the prime factors of 79717647?
3, 31, 37, 23167
List the prime factors of 3540047443.
67, 52836529
List the prime factors of 37912608.
2, 3, 131641
What are the prime factors of 2598128484?
2, 3, 7, 23, 59, 991
List the prime factors of 482999245.
5, 96599849
What are the prime factors of 111901959?
3, 13, 318809
List the prime factors of 1045664763.
3, 11, 13, 1471, 1657
What are the prime factors of 118205282?
2, 13, 47, 96731
List the prime factors of 462417200.
2, 5, 7, 239, 691
What are the prime factors of 7681754028?
2, 3, 13, 17, 277, 10457
List the prime factors of 13724276.
2, 3431069
List the prime factors of 4446066848.
2, 17, 8172917
What are the prime factors of 4497160964?
2, 29, 139, 278911
List the prime factors of 2245741408.
2, 7489, 9371
List the prime factors of 13303327.
13303327
List the prime factors of 28936098.
2, 3, 149, 10789
List the prime factors of 2355612144.
2, 3, 49075253
List the prime factors of 210505650.
2, 3, 5, 1403371
List the prime factors of 452177217.
3, 23, 229, 9539
List the prime factors of 5949717164.
2, 1487429291
List the prime factors of 749451739.
749451739
What are the prime factors of 423256817?
41, 10323337
What are the prime factors of 2670576051?
3, 11, 13, 6225119
List the prime factors of 101489839.
11, 97, 8647
What are the prime factors of 6305824396?
2, 173, 9112463
What are the prime factors of 97304560?
2, 5, 277, 4391
List the prime factors of 867104553.
3, 7, 29, 67, 79, 269
What are the prime factors of 173574913?
17, 10210289
List the prime factors of 911449929.
3, 13, 2503, 9337
List the prime factors of 1193088177.
3, 23, 337, 5701
What are the prime factors of 1505938909?
113, 397, 33569
List the prime factors of 646431268.
2, 7, 163, 141637
What are the prime factors of 1063944481?
1063944481
What are the prime factors of 103881149?
181, 573929
List the prime factors of 37161665.
5, 619, 12007
What are the prime factors of 23826519?
3, 2647391
What are the prime factors of 21891262?
2, 23, 475897
What are the prime factors of 1491003674?
2, 745501837
What are the prime factors of 115284984?
2, 3, 47, 102203
What are the prime factors of 3881721037?
3881721037
List the prime factors of 1015616905.
5, 203123381
What are the prime factors of 126831680?
2, 5, 396349
List the prime factors of 4148956424.
2, 31, 16729663
List the prime factors of 138943149.
3, 139, 333197
What are the prime factors of 220050035?
5, 151, 291457
What are the prime factors of 84754436?
2, 13, 1629893
What are the prime factors of 35611440?
2, 3, 5, 148381
List the prime factors of 3641967728.
2, 7, 19, 244493
What are the prime factors of 953035909?
7, 59, 2307593
List the prime factors of 61500459.
3, 23, 891311
List the prime factors of 836390091.
3, 278796697
List the prime factors of 17352483.
3, 5784161
List the prime factors of 199570558.
2, 11, 233, 38933
What are the prime factors of 28901486?
2, 31, 466153
List the prime factors of 173267681.
41, 349, 12109
What are the prime factors of 132696196?
2, 167, 198647
List the prime factors of 1213094602.
2, 17, 127, 280939
List the prime factors of 31733706.
2, 3, 5288951
What are the prime factors of 484229622?
2, 3, 43, 1876859
What are the prime factors of 2286502216?
2, 29, 31, 317923
What are the prime factors of 914592193?
914592193
What are the prime factors of 596722186?
2, 298361093
What are the prime factors of 609328759?
13, 46871443
What are the prime factors of 1613587770?
2, 3, 5, 23, 259837
List the prime factors of 421949222.
2, 210974611
What are the prime fact